What is the units digit of 6 - (o + -1 - 3)?
9
Suppose -3*u = -o - 3190, 19*o + 2126 = 2*u + 18*o. What is the units digit of u?
4
Let y be (-9)/(-21) + ((-4156)/28 - -4). Let u = y + 216. What is the tens digit of u?
7
Let j = 8 + -6. Let y be 8 - (-4 + j - -1). What is the units digit of (30/(-4))/(y/(-18))?
5
Let u = -1065 + 1568. What is the tens digit of u?
0
What is the tens digit of (-16476)/(-16) + 4 + (-6)/(-24)?
3
Let u = 38 - 34. Let l = u + 0. What is the units digit of l?
4
Let j(r) = -r**2 - 15*r - 11. Let z be (-3 - -5)/(-1 - -3). Let i be z/(4/12)*-4. What is the units digit of j(i)?
5
What is the tens digit of (12/(-8))/((-9)/(-6)) + 1554?
5
Let i be -1 + 2 - 2/(-2). Suppose -2*t + i*j = -50, 3*j - 24 + 122 = 4*t. Suppose -5*k + 77 = -t. What is the tens digit of k?
2
Suppose 156 = 2*y + 38. Let k = -25 + y. Let z = k + -17. What is the units digit of z?
7
Let v(r) = -161*r - 187. What is the tens digit of v(-6)?
7
Suppose 4*f - 4 = 0, -f = -4*k - 3*f - 498. What is the tens digit of 12/15 - 5/(k/255)?
1
Let f = 48 - 35. Suppose f*q - 10*q = 132. What is the units digit of -3 - (q/(-2) - 1)?
0
Let k = -2272 - -3565. What is the units digit of k?
3
Let b(h) = h**3 + 7*h**2 - h - 5. Let o be b(-7). Suppose -3*r = o*r. Suppose -3*x - 2*a + 0*a + 35 = 0, r = 3*x + 3*a - 39. What is the units digit of x?
9
Suppose -5*z - 5*n - 5 = 0, 2*n - 4 = -z - 4*z. Let v(j) = 25*j + 2. What is the tens digit of v(z)?
5
Let q(p) = 17*p**2 + p + 2. Let g be q(2). Suppose 7*r + g = 3*r. What is the tens digit of 14/(3*(-3)/r)?
2
Suppose -g + 1491 = -10*p + 5*p, 1521 = g + 5*p. What is the tens digit of g?
0
Let m(w) = w**3 - 6*w**2 + 2*w + 16. Let r be m(4). What is the tens digit of ((-1)/(10/(-114)))/(r/(-40))?
5
Suppose 0 = 2*i + 8, -5*t + 4*i + 16 = 0. Suppose t = 2*h + 3*h - 50. What is the units digit of ((-25)/h)/((-1)/22)?
5
Let a(i) = -51*i + 742. What is the thousands digit of a(-38)?
2
Suppose 5*g + 2*o + 3334 = 8*g, 5*g + 4*o = 5586. What is the hundreds digit of g?
1
Suppose g + l + 425 = 3*l, -5*g = 4*l + 2069. What is the tens digit of (-1)/2 + g/(-6)?
6
Let m be (-2)/(-4) + 469/(-2). Let b be (-6)/9*m/4. Suppose -p + 6 = -b. What is the units digit of p?
5
What is the hundreds digit of (-15)/35 + 23412/42?
5
Let s = -168 - -313. Suppose -3*y + 44 + s = 0. What is the tens digit of y?
6
Suppose 5*w = 2*g + 150, -3*g = -4*w + 2*g + 120. Suppose -16*r - 10 = -21*r, 2*f - 142 = -4*r. Let m = f - w. What is the units digit of m?
7
Let s be (-1005)/(-10)*(-4)/(-6). Suppose -282 + s = -5*k. What is the tens digit of k?
4
Suppose 0*g = 2*g + 4. Let s = g + 1. What is the units digit of 2 - (s + 21/(-3))?
0
Suppose 10304 = 4*i + 4*o, 46*i - 3*o + 2574 = 47*i. What is the units digit of i?
7
Let r be (-2)/(-3)*42/28. Suppose 4*j + 2*v - 26 = -0*j, r = 2*j - 3*v. Let b(l) = -l**3 + 7*l**2 - 7*l - 2. What is the units digit of b(j)?
3
Suppose -3*f + 286 = k - f, 0 = -5*k + 5*f + 1490. Let x be 4/(-6)*k/14. What is the tens digit of x/(-1) + (-3)/3?
1
What is the thousands digit of (-435)/(-290)*(-2 - (-11564)/3)?
5
Let m = 1788 - 965. What is the hundreds digit of m?
8
Let q be (-3)/9 + (-100)/15. What is the tens digit of 36/q*(8/4 - 9)?
3
Let k = -48 + 18. Let w = k - -49. What is the tens digit of w?
1
Let t(a) = -a**3 + 3*a**2 + 3*a + 5. Let v be t(4). Let u(b) = 16*b**3 - b**2 + 2. What is the tens digit of u(v)?
1
Let v be 415/20 + 3/12. Let a = -6 + v. What is the tens digit of a?
1
Let l(k) = 24*k**2 + 8*k + 21. What is the units digit of l(-3)?
3
Let f(x) = x**2 + 5*x + 2. Let h be f(-5). Suppose 0 = -3*i - h*c + 11, -8 = -3*c + 7*c. What is the tens digit of (-1 + i)*24/6?
1
Let p(x) = -x**2 + 8*x + 7. Let o be p(9). Let d be o/(-4)*6 - 15. Let r = d - -33. What is the tens digit of r?
2
Suppose -2*a - 2*a + 404 = 0. Suppose -5*g + a = -189. What is the tens digit of g?
5
Let g be (-7 - -12)*((-2)/5)/(-1). Suppose -38 - 18 = -g*q. What is the tens digit of q?
2
Suppose g + 3 + 1 = 0, -5*q + 3*g = -22. Let k(r) = -r**3 + 8*r**2 - 8*r + 3. Let l be k(4). Suppose -q*u + 147 = l. What is the tens digit of u?
5
Suppose 4*h + 373 = 2*f - f, -2*h - 169 = 3*f. Let s = h - -224. What is the hundreds digit of s?
1
Suppose -71 - 990 = -4*u - 5*h, 3*u - 3*h - 762 = 0. What is the hundreds digit of u?
2
Suppose 64 + 1538 = 9*s. What is the hundreds digit of s?
1
Suppose -8*d - 8 = -4*d. What is the units digit of ((-200)/(-15))/(d/(-3))?
0
Let c(x) = x**2 + 5*x + 2. Let a be c(-3). Let s(p) = 6*p + p - 4*p - 3 + p**2. What is the units digit of s(a)?
1
What is the thousands digit of 11 - 9/1 - -2103?
2
Suppose -2*x = -j, -3*x + 26 = -6*x - 5*j. What is the units digit of 10*x/4*-2?
0
Let h be -8*(2 - 3) + 3. Suppose h*u - 12*u = -73. What is the units digit of u?
3
Let d = 33 + -39. What is the units digit of (-1*1)/(5 + d)?
1
Suppose -j + 7 - 21 = m, -4*j = -m + 41. Let g = j - -13. Suppose 4*v + g*l - 137 = -3*l, 4*l - 136 = -4*v. What is the units digit of v?
3
Suppose -85*q + 467020 = -9*q. What is the thousands digit of q?
6
Let m = 540 + 364. What is the tens digit of m?
0
Let f(c) = 2*c**2 + 10*c + 1. Let r be f(10). Suppose -4*k - r = -11*k. What is the units digit of k?
3
Let x be (18 - 10)*18/4. Suppose -3*v = -2*j - 0*j + 74, j - 2*v = x. What is the tens digit of j?
4
Let s = 1533 - -354. What is the units digit of s?
7
Suppose 0 = -4*s + 4 + 8. Let m be (-6)/s + (6 - 6). What is the units digit of 1 + (-2 - -67) + m?
4
Let s(u) = u**3 + 8*u**2 + 2*u + 2. Let n(l) = -l**2 - 12*l + 5. Let y be n(-13). Let k be s(y). What is the tens digit of 4672/112 + (-4)/k?
4
Let q(p) be the second derivative of p**4/6 - 3*p**3 + 3*p**2/2 - 3*p. What is the tens digit of q(12)?
7
Let x = 36 - -2. What is the tens digit of x?
3
What is the tens digit of 337 + -2 + (5 - 4)/(-1)?
3
Suppose 5 + 16 = -7*w. What is the units digit of (1 - w - -4) + (-1 - -2)?
9
Let y(r) = -r**3 + 4*r**2 + 8*r - 5. Let u be y(8). Let p = 325 + u. What is the tens digit of p?
2
Suppose 0 = 3*o - 5*o - 34. Let m = -12 - o. What is the tens digit of ((-280)/(-12))/m*3?
1
Let z(u) = -u**2 - 56*u - 50. What is the units digit of z(-39)?
3
Let v(l) = l - 5. Let d be v(10). Suppose 0 = -d*n + 20, 0*c - c - 3*n + 15 = 0. Suppose -r = 5*y - 35, -c*r = -2*y + 3*y - 105. What is the tens digit of r?
3
Let v(x) = x**3 - 5*x**2 - x + 6. Let p(z) = -z - 3. Let r be p(-8). Let n be v(r). What is the units digit of 1/(-3 + n)*-2?
1
Let w(a) = a**3 + 2*a**2 + 2*a + 1. Let h be w(-2). Let d = 13 + h. Let j = d - -60. What is the tens digit of j?
7
Let k(a) = 188*a - 428. What is the hundreds digit of k(16)?
5
Suppose 0 = 5*o - 4 - 21. Suppose 4*z = o*z - 2. Suppose -4*u + 6 + z = 0. What is the units digit of u?
2
Suppose 5*g = 3*h + 5024, -3*g - 4*h = -2412 - 614. What is the thousands digit of g?
1
Let r(m) be the second derivative of m**4/6 - m**3/6 + 7*m**2 - 24*m. What is the units digit of r(0)?
4
Let t be 16/20*(157 + -2). Suppose 41 + t = 3*u. What is the units digit of u?
5
Let u be 180/(-50)*20/(-3). What is the units digit of 124/3*36/u?
2
Let h(i) = 10*i - 1. Let w be h(-2). What is the tens digit of ((-143)/11)/(1/w)?
7
Suppose 3*v = 5*k - 27, 0*k - 5*v = 3*k - 23. What is the tens digit of ((-9)/12 - (-45)/k)*4?
2
Let k(l) = -l**3 + 2*l**2 + 5*l - 4. Let s be k(3). Suppose -2*w = -98 + 94. Suppose s*r - 18 = -w. What is the units digit of r?
8
Let z(r) = 3*r**3 - 3*r**2 + 4*r - 7. Let j be z(3). Let c be j + 3 + 0 + -2. Suppose -3*t + t = -c. What is the tens digit of t?
3
Let r(n) = 2*n**2 + 25*n + 29. What is the tens digit of r(-12)?
1
Let j be (-5)/15*(-2 - 7). Suppose 3*o - 25 = -4*v, -5*v + 35 = 4*o + j. Suppose 137 = v*a + l, -133 - 33 = -5*a + 4*l. What is the units digit of a?
4
Suppose 7620 = 8*x + 2268. What is the tens digit of x?
6
Suppose 0 = -4*f - 0*f. Let k = 334 - 329. Suppose f = 2*n - 3*h + 31 - 134, -5*n - k*h = -295. What is the tens digit of n?
5
Suppose 5*o = -3*p, -3*o - 3*p + 5*p + 19 = 0. Suppose -t = o*t - 40. Let k = t + -1. What is the units digit of k?
9
Let u be (10/4)/((-13)/(-26)). Suppose -8 = -2*p, -6*s = -s - u*p + 10. Suppose -s*v = 3*v - 170. What is the tens digit of v?
3
Let r(i) = -32*i + 10. Let w be r(-9). Suppose -l = l - w. W